the third derivative of 21*y**6/40 + y**5/30 - y**3/6 + 420*y**2. Give p(1).
64
Let q(t) be the third derivative of t**4/8 + 5*t**3/6 - 2*t**2 + 5. What is q(-4)?
-7
Let o(h) = 0*h**3 - 15*h - h**3 - 19*h + 10*h**2 + 30*h. Determine o(9).
45
Let f(x) = -x**3 - 1. Let b(t) = 4*t**3 + 7*t**2 - 4*t + 5. Let i(y) = b(y) + 5*f(y). Suppose -16 = 5*a - 6. Let o be (-7 - 2)/(3/a). Determine i(o).
12
Suppose -16 + 2 = -2*x. Let z = -9 + x. Let y(b) = 2*b**3 - 4*b**2 - 3*b - 3. Let j(c) = 3*c**3 - 5*c**2 - 4*c - 4. Let h(i) = -3*j(i) + 4*y(i). Determine h(z).
4
Let x(z) be the second derivative of z**3/6 + z**2 + 47*z. Let m(l) = 5*l**3 - l. Let v be 0/2 - (-5 - -4). Let i be m(v). Calculate x(i).
6
Let j(n) = -n**3 + 9*n**2 - 8*n - 9. Suppose -2*w = -5*o - 323, 0*w - 2*o = -2*w + 326. Suppose 124 - w = -5*y. Give j(y).
-9
Let m(d) = 2*d**2 + 42. Let u(k) = 5*k**2 + 3*k + 125. Let z(j) = -8*m(j) + 3*u(j). What is z(12)?
3
Let y = -15 + 4. Let n = y + 11. Let m(w) = 0 - 4*w + 0 + n + 3. What is m(3)?
-9
Let b(z) = -2*z - 46*z**3 + 10*z**3 + 19 + 37*z**3 - 10*z**2. Determine b(10).
-1
Let m(n) = -n**2 - 2*n. Let v(z) = z**2 + 10*z + 9. Let x be v(-9). Let c be 1/(-3) - (-26)/6. Suppose -1 = 5*g + c*o - x, -2*o = g - 1. What is m(g)?
1
Let o(l) = l**2 + 3*l - 7. Let z be o(-5). Let n(k) = 9*k**2 - 4*k**2 + 0*k + z + k**3 + 3*k + k. Determine n(-4).
3
Let u(y) be the third derivative of -y**5/60 + 2*y**4/3 + 4*y**3 - 37*y**2 + 2*y. Determine u(17).
7
Suppose 2*p + 3*z - 21 = 0, 0 = -p + z - 6*z + 7. Suppose -2*b - 3*y - p = -5*b, -5*b - y = -32. Let j(q) = q**3 - 6*q**2 + q + 1. Determine j(b).
7
Let k(n) = -n**3 - 2*n**2 + n + 1. Let v = 3 - 1. Suppose 6 = m + v. Suppose 0 = 3*r - 9, m - 10 = 5*h + 3*r. Determine k(h).
7
Suppose -24*i - 47 = 1. Let q(h) = 1. Let x(d) = 5*d + 2. Let s(n) = -q(n) + x(n). Give s(i).
-9
Let q = 58 + -54. Let u(y) = 2*y**2 - 6*y. Give u(q).
8
Let u(m) be the second derivative of -m**5/20 + m**4/2 + 4*m**3/3 - 5*m**2 + 65*m + 2. What is u(7)?
-3
Let w(t) = -2*t**3 + 9*t**2 - 12*t - 29. Let u(b) = -b**3 + 5*b**2 - 6*b - 15. Let j(v) = -5*u(v) + 2*w(v). Give j(6).
17
Let y(j) = -j**2 + 9*j + 55 - 24 - 23. Let p(t) = -t**2 + 10*t + 8. Let x(i) = -6*p(i) + 7*y(i). Give x(6).
-10
Suppose 0 = -5*x + 5*r + 35, 6 = -5*x + 4*r + 43. Let v(h) = 2*h**2 - 13 + x + 2 - 4*h - 3*h**2. Determine v(-3).
1
Let d be (-4)/(-18) + (-1986)/54*-1. Suppose -16*c - 197 = -d. Let m(u) = -u**2 - 11*u - 11. Determine m(c).
-1
Let b(z) = 7 + 5*z**2 + 3*z - 7*z**2 - 10. Suppose -5*n + 3 = -7. Give b(n).
-5
Suppose 5*c = -4*b - 8, 0 = 4*b + c + 31 - 7. Let z be 1 - -4 - 2 - -2. Let h(l) = z + 5 + 2*l - 5 + 5. What is h(b)?
-4
Let y be 1/(-7) + 87/21. Let l(u) = y - 5 - u + 6 + 0*u. Determine l(7).
-2
Let r be (-4)/32 - (2 - (-130)/(-16)). Let a(h) = -5*h + 6. What is a(r)?
-24
Let a(s) = -4*s + 43. Suppose 4*g - 20 - 24 = 0. Let l be a(g). Let x(c) = -10*c**2 - 2*c - 1. What is x(l)?
-9
Let q = -6 + 8. Let s(l) = 5*l - 5. Let p(r) = -3*r + 1 - r + 3*r. Let b(a) = 4*p(a) + s(a). What is b(q)?
1
Suppose 3*g + 29 - 2 = 5*l, -3*g + 3*l - 21 = 0. Let u(t) = t + 4. What is u(g)?
0
Let h be 5 - (-4 - 16/(-1)). Let w(s) = -2*s - 10. Give w(h).
4
Let q = 25 + -23. Suppose -q*d = 2*g + 1 + 3, 2*d = -5*g - 10. Let h(r) = -r**3 + r**2 + r - 2. Determine h(d).
-2
Let v(g) = g**2 - 1. Let x(z) = -4*z**2 + 9*z + 11. Let o(j) = -5*v(j) - x(j). Let p(d) = 5*d**2 + 90*d - 7. Let c be p(-18). Determine o(c).
8
Let h = 105 - 94. Let z(o) = -3*o**2 - 8*o + 8. Let u(n) = -8*n**2 - 24*n + 24. Let w(m) = m + 3. Let t be w(-7). Let v(r) = h*z(r) + t*u(r). What is v(6)?
4
Let o(j) be the second derivative of 5*j**3/3 + j**2/2 - 78*j + 1. Calculate o(1).
11
Let s(l) = l**3 - 6*l**2 + 7*l - 1. Let c(v) = -6*v**3 + 30*v**2 - 35*v + 4. Let x(d) = 2*c(d) + 11*s(d). Let n be 170/(-25) - 2/10. Give x(n).
-3
Let u(x) = -9*x**2 - 6*x + 37. Let g(b) = -6*b**2 - 4*b + 26. Let t(z) = -10*g(z) + 7*u(z). Suppose 1 = -2*y - 1. Give t(y).
-2
Suppose 4*s = 5*t + 11, -3*s = -0*s - 3*t - 9. Let g(m) = -8*m - 9*m - 2 - s*m + 20*m. Let l(c) = c**3 + 8*c**2 + 7*c - 6. Let r be l(-7). What is g(r)?
4
Let x(b) = b**3 + 10*b**2 + 9*b + 19. Let r = 821 - 830. Give x(r).
19
Let a(d) = d**2 + 6*d - 5. Let w be (3/(-9))/((-3)/315). Suppose 0 = -3*k - 5 + w. Suppose -g + k = -3*g. Give a(g).
-10
Let l(y) be the second derivative of -y**3/6 - y**2/2 - 4*y. Let w be l(-3). Let t(n) = -3*n**2 - 9*n**w + 5*n**2. Give t(-1).
-7
Let n = -54 - -100. Let d = n + -55. Let u(s) = -s**2 - 11*s + 2. What is u(d)?
20
Let x(y) = y. Let s(h) be the third derivative of -h**6/120 - h**5/15 + 2*h**3/3 - 2*h**2 - 86*h. Let n = 5 - 8. Let z be s(n). What is x(z)?
-5
Let i(r) = -3*r. Let a(x) = 17*x**2 + x + 5. Let o be a(3). Suppose 5*w + o = -18*w. What is i(w)?
21
Let d(l) be the first derivative of 2*l - 1/4*l**4 + 10 - 1/2*l**2 + l**3. Calculate d(3).
-1
Let t = -8 + 13. Let i be 6/((30/(-4))/t). Let v(g) = -3*g - 1. Let b(q) = 3*q - 1. Let x(o) = -2*b(o) - 3*v(o). Determine x(i).
-7
Let f(r) = -2*r - 3*r**3 - 50*r**2 - 153*r**2 + 201*r**2. What is f(-1)?
3
Let v(k) = -k**3 - 23*k**2 - 2*k - 44. Let i be v(-23). Let r(o) = -o**3. What is r(i)?
-8
Let o(p) be the third derivative of 51*p**2 + 1/24*p**4 + 0*p + 1/6*p**3 + 0 + 1/20*p**5. Give o(2).
15
Let u(a) = 11*a - 8*a + 7*a + 21. Let s(l) = -7*l - 14. Let w(z) = 7*s(z) + 5*u(z). Calculate w(-3).
4
Let b(o) = -o**3 - 3*o**2 - o - 1. Suppose -14 = -t + 4. Let x be 14/(-6) + t/(-27). Give b(x).
2
Let f(k) = -3*k**3 - 11*k**2 - 7*k - 20. Let z(y) = -2*y**3 - 11*y**2 - 6*y - 19. Let u(b) = -3*f(b) + 4*z(b). What is u(11)?
-49
Suppose q = 5*q - 12. Let c(l) = -2 - 11*l - 17*l + l**2 + 27*l - 1. Give c(q).
3
Let v = -39 + 36. Let u be (6/(-5))/(v/20). Let h(w) = -w**3 + 8*w**2 + w + 2. What is h(u)?
10
Let q(v) = 7*v + 2. Let f(t) = 2*t - 2. Suppose 3*w + 4*m - 28 = 0, 0*w - w = 5*m - 24. Let l be f(w). Let b(x) = x - 8. Let c be b(l). Give q(c).
-12
Let c = -39 - -66. Let o = c - 21. Let p(b) = -5*b + 7. Give p(o).
-23
Let s(x) be the second derivative of x**3/6 + x**2/2 + x. Let r(t) = 2*t**2 - 2*t + 2. Let g(w) = -5*w - 3. Let q be g(-1). Let c be r(q). Calculate s(c).
7
Suppose 0 = 10*f + 69 - 99. Let h(n) be the first derivative of -1/4*n**4 + 3/2*n**2 - 9 + 2/3*n**f - 4*n. Give h(3).
-4
Let o(g) = g**2 + g - 2. Let l = -171 - -170. Let v be o(l). Let b(f) = 2*f**3 + 3*f**2 + f + 2. Calculate b(v).
-4
Let s(l) = -8*l - 3. Let t(u) = -u - 1. Let d(i) = -s(i) + 3*t(i). Let p = -1 + 0. What is d(p)?
-5
Let d = 12 - 7. Suppose -5 = g - 3*z + 1, -10 = 4*g - 5*z. Let f(l) = g + 4 - 2*l - 1 + 1. Give f(d).
-6
Suppose 0*s - 15 = -s + 4*t, 3*s - 5*t = 24. Let m(p) = -4*p**3 + 4*p**2 + 5*p**3 - 2*p**s - 3. Let a = -5 + 8. What is m(a)?
6
Let x(d) = -4 - 15*d + 42*d + d**2 - 19*d - 6. What is x(-9)?
-1
Let t(p) = -p**2 + 1 + 2179*p - 2179*p + 2 - p**3. Calculate t(0).
3
Let n(v) be the third derivative of -v**6/120 + v**5/15 + v**4/4 + 2*v**3/3 - 378*v**2. Determine n(5).
9
Let n be (-8)/(-44) - (-489)/33. Let r(s) = -s**3 + 16*s**2 - 14*s - 11. Let c be r(n). Let d(v) = -v**3 + 3*v**2 + 5. Determine d(c).
-11
Let l be (-6)/(-4)*(-2 - (0 + -4)). Let t(n) = -8 - 4*n + n**2 + 19 - 6 - 1. Calculate t(l).
1
Let r(b) be the second derivative of -b**3/3 - 5*b**2 + 172*b. What is r(10)?
-30
Let f(i) = -i**3 - 9*i**2 - 11*i - 17. Suppose -3*o - 33 = -3*t, o = -5*t + 6 + 1. Give f(o).
7
Suppose -h + p + 26 = 4*h, -4*h + 2*p + 22 = 0. Suppose 0 = -3*b + 4*f + 7, -b + h = -2*b + 5*f. Let z(d) = 2*d - 4. What is z(b)?
6
Let l = -7 - -16. Suppose 0 = -l*w + 12*w + 6. Let i(k) = k**3 - 3*k - 1. Determine i(w).
-3
Let j(z) = z**3 + 6*z**2 + 4*z + 7. Let l(r) = -4*r**2 - 7*r**3 - 5 + 8*r**3 - 3*r**2 + 6*r. Let i be l(6). Determine j(i).
12
Let y(m) be the second derivative of -m**5/20 - 7*m**4/12 - m**3/6 - m**2 - m. Let k be ((-9)/(-36))/((-4)/112). What is y(k)?
5
Let c(u) = -10*u - 33. Suppose 130 - 82 = -12*j. What is c(j)?
7
Let g(c) = 0*c + 2*c + 0*c. Suppose -4*u = v + 13, -2*v - 5 = u + 7. What is g(v)?
-10
Let h(a) be the first derivative of -26 - 5*a + 7/2*a**2. Calculate h(4).
23
Let t(w) = w**2 - w - 9. Let f be t(3). Let k(c) = c**3 + 4*c**2 + 4. Determine k(f).
13
Let s(q) = -4*q**2 - 3*